8 - 6).
61
What is 36 - (61 - (-60 + 74))?
-11
Evaluate 71 - (114 - (183 - 133)).
7
117 + 6 + -57 + 25 + 25 + -5
111
Calculate 11 - (3 + -4 - 2 - (-114 - -99)).
-1
Evaluate (76 - 62) + 11 + 14.
39
Evaluate -35 - ((-1 - 6) + (33 - 57) + 31).
-35
Evaluate 89 + 38 + -58 + -25.
44
Calculate -31 + (-35 + 18 - -20) + 7.
-21
Evaluate 128 - (118 + -30) - -53.
93
What is the value of -18 + 16 - -17 - (4 - (-125 - -11))?
-103
What is the value of -48 + 4 + 73 + -56?
-27
(31 - 34 - -14) + 40
51
What is 52 + (-6 - 35) + -35?
-24
What is the value of -11 - -3 - (1 - (2 - 15 - 35))?
-57
Calculate -5 - (4 + -3 + -13 - (-73 + 85)).
19
Calculate -11 + (-2 - -9 - 12) - (2 - 13).
-5
Calculate ((-4 - -7) + -16 - ((-7 - -5) + -7)) + -29.
-33
-38 + 53 - (2 - -6 - 0)
7
What is the value of 26 + -35 + -1 + 18 - -25?
33
What is the value of 58 + (1 - 9 - (-32 - (-7 + 43 - 63)))?
55
What is the value of (76 - 11 - -7) + -4 - 17?
51
35 + -94 + 32 + 31 - (-1 - 31)
36
What is the value of (-1 - -3 - (-2 + -1)) + (16 - 11)?
10
(4 + (-18 - -8) - 1) + -15 + 28
6
Evaluate 996 + -993 + 0 + (0 - -9) + (-15 - -7).
4
Evaluate -47 + 10 + 26 + (0 - (-3 + 73)) + -5.
-86
(-39 - (-46 + (11 - -17))) + 0 + 8
-13
Evaluate (15 - -3) + 0 + -31 + 12.
-1
What is the value of 204 + (-48 - -76 - 147)?
85
What is the value of (13 - 19) + (-7 - 1 - -2) + 67 + -3?
52
What is -28 - ((-6 - (17 + -32)) + -22)?
-15
What is the value of (22262 - 22271) + (1 + 0 - -28)?
20
What is the value of -20 - ((12 - (7 - 8)) + (-13 - 7))?
-13
What is 183 + -219 - (-4 + -3 - -2)?
-31
What is (1487 - 1502) + (6 + -110 - 3) + (-2 - 2)?
-126
26 + (74 - 148 - -15)
-33
Evaluate (-29 - (-1 + -1)) + -5.
-32
What is (-5 - 28) + -19 + (9 - -4) - -9?
-30
What is -20 + (17 - (-80 + 28)) + (1 - 3 - 10)?
37
What is (10 - (-12 - -10)) + (-67 + (-8 - 1) - -10)?
-54
(37 - (3 + 11)) + -1
22
What is the value of 22 + -39 + (-1 - (15 + -4))?
-29
Evaluate -48 + 179 - (11 - -94).
26
Calculate 5479 + -5371 - (0 + 30).
78
What is the value of (-14 + -6 - -7 - -7) + -763 + 900?
131
Evaluate (5 + -11 - -4) + (35 - (17 - 40)).
56
What is the value of 28 - (-42 + 31 + 45)?
-6
What is (-42 - -20 - -129) + -92?
15
Evaluate (-7682 - -7703) + (-68 + 2 - -1).
-44
Calculate -3 + 6 - -1 - (-10 + (-8 - 19)).
41
Calculate (34 - 31) + (-135 + 39 - 41).
-134
What is 2 + -75 + 67 + 0 + -1 + 16?
9
What is -10 + (9 - 7) + -19 + 20 + (1 - -45)?
39
Calculate -119 + 15 + -6 - (-29 + 20) - (-9 + -2).
-90
What is (1 + 28 - -18) + -15 + 16?
48
Evaluate -14 + -3 + -37 + (-4 - (22 - 14)).
-66
Evaluate 3 + (114 - 239) + 102.
-20
What is the value of 10 + 21 + -49 + (0 + -4 + 3 - -11)?
-8
What is 3 + (-25 + 24 - (9 - -21))?
-28
What is -1 + 53 + (-35 - (8 + -9 + -23))?
41
Calculate -1 + (2 - ((1 - -7) + -12 + 10)) + -10.
-15
Calculate (-1 - -12) + (167 + -139 - (2 + 104)) + 2.
-65
What is 61 - (153 - 9 - 103)?
20
(-11 - (-3 + -40)) + (-30 - -43) + (-1 - 2)
42
What is the value of 19 - (-21 + -8 + -3 + 157 + -56)?
-50
What is the value of -9 - (-9 + -55 + 25 + 67)?
-37
What is the value of 79 + 8 + -65 + 44?
66
Evaluate (13 - 0) + (-302 - -266) + -91 + 11.
-103
Evaluate (-3 - 51) + (-10 + 1 - -4) + (-2 - -14).
-47
7 - -3 - ((0 - 17) + (-566 - -590))
3
Calculate 41 + -46 + -12 + -37.
-54
24 + (16 + -5 - -2) + (30 - 5) + -11
51
Calculate (-6 - -8 - -2) + (-7 + -10 + 5 - -20).
12
3 + 49 - ((24 - 1 - 22) + -9)
60
Evaluate -32 - (-15 - 39) - -4.
26
What is 10 + (-14 - (0 - (11 + -5)) - -22)?
24
-6 + 0 - (45 + -15 + -21 - 50)
35
What is the value of -1 - 116 - (-27 - -101 - 74)?
-117
Evaluate 15 + (13 + -115 - (-49 + 26)).
-64
What is 2 + (24 - (-20 - -27 - -84))?
-65
-51 - (11 - (6 - (-4 + 16 + (-12 - -6))))
-62
(-52 - -31 - 9) + -8
-38
What is -4 + 7 + (-1 - 2) - (29 - (24 - 52))?
-57
Evaluate 9 - (-6 + 2 - -27) - (-24 - 49).
59
What is (4 - (9 - -23 - 14 - 2)) + -6?
-18
What is 5 - (38 + -148 - -40)?
75
What is (-45 - -14 - -14) + -2 + (2 - -9)?
-8
Calculate 159 + 40 + -226 + 0 + -32.
-59
Evaluate -3 - (19 - (-19 - -43 - 113)) - 12.
-123
Calculate 29 - 2 - (-17 - -46 - 76).
74
What is the value of 2 + 3 + (0 + (5 - -5) - 18) + 0?
-3
Calculate (-8 - (-9 - (7 - 10))) + (-11 + 14 - -6).
7
What is (9 - (3 + 5 + -12)) + -15 - -60?
58
What is the value of -58 - ((-6 - -1) + 35 + -53)?
-35
Evaluate -10 - -1 - (171 + -176) - (-40 + -4).
40
2 - 36 - (-18 - 0) - 8
-24
What is 4 + -1 + 1 - (-46 - -78 - (10 + -12))?
-30
What is (-18 - (-33 + -5 + 35)) + 109?
94
What is the value of (-94 - (-74 + 51)) + 58?
-13
What is the value of (-8 + 41 + -37 - (2 + -3 - -4)) + 46?
39
Calculate (-554 - -573) + (6 - (-5 - -4)) + (3 - -1).
30
Calculate -123 + 151 - (8 - 26).
46
What is the value of (-1 - 1 - 3) + -2 + 162 + -135 + 55?
75
Evaluate -25 + 16 + 2 - (5 + 7 + -7).
-12
(-481 - -475) + (-36 - (-1 + 3 - (0 + 1)))
-43
17 + (-48 - (1 - -5)) + -79 + 82
-34
Evaluate (2 - -8) + (0 - (0 - ((9 - 18) + 12))).
13
Evaluate 69 + (58 - 90) + 9.
46
-8 + -26 + (47 - 25) + 60 + 1
49
(0 + -1 - (76 - -2)) + -193497 + 193500
-76
What is (31 - 0) + (20 - (40 + -31))?
42
Calculate (31 - 32) + 114 + -113.
0
What is the value of 191 + (-159 - -11) + 21?
64
Evaluate 1 - -3 - (116 + -107 + -15 + 3 + -2).
9
Calculate -38 + -3 + (-3 - -4) - (-18 + -39 - -53).
-36
Evaluate -81 + 26 + (7 - (-4 + -8)).
-36
What is the value of (7 - (-88 - 0)) + 31 + -1?
125
Calculate 2227 - 2336 - (2 + 18 - 3 - 3).
-123
What is -26 - -16 - (-4 - -10 - -15)?
-31
What is the value of (67 - 26 - 91) + 141?
91
What is the value of -67 + 3 - 8 - (80 + -111)?
-41
What is the value of (3 - (11 + -2 - 1)) + 992 + -1003?
-16
Evaluate -10 + 4 + -86 - 8.
-100
What is the value of 22 + -25 + 23 + -145 + 41?
-84
What is the value of (88 - -15 - 93) + (0 - 0) + -53?
-43
What is the value of (-70 - -196) + -101 + -59?
-34
-35 + 1 - (20 - (-11 - -8 - -36))
-21
What is the value of 62 + (-3 + -2 - -3) + -10 + -6 + 5?
49
45 + -2 + 6 + 2 - (1 - (-5 - -3))
48
What is the value of 55 + -12 + (9 - (3 - 13 - -9 - -9))?
44
Evaluate -137 + 104 - ((10 - 18) + 2).
-27
What is the value of 40 + -59 - -1 - (-3 - 121)?
106
Evaluate -25 + (7 - -27) + -24 + -54.
-69
What is the value of 50 + 21 - (-9 + -4 + (-7 - -7))?
84
Evaluate 20 + -7 + -16 - (65 + -31 - (6 + -1)).
-32
What is the value of -22 - -11 - 5 - -83 - (-3 + -5)?
75
Calculate -46 - (59 - (114 - 26)).
-17
Evaluate -12 + (34 - 7) - (20 + -11).
6
-35 - (8 + -27 + 54 + -101)
31
5 - -10 - 11 - (-15 - (-23 - -17))
13
What is -28 - (100 - 30) - -187?
89
What is the value of -24 + 11 + 7 + -28?
-34
Evaluate (83 + (-3 - -5) - ((-8 - -32) + -23)) + -11.
73
Calculate 3 + -4 + (-20 - -9) + 7 + 28 + -25.
-2
Evaluate 32 - (22 - -2) - (0 + -10).
18
What is 2 + -2 + -45 + -157 + 170?
-32
31 - (15 + -19 + (2 - -25) - (-72 - -84))
20
What is the value of (-52 - (2 + -1)) + 153 + -134?
-34
Calculate 45 - -2 - (-1412 + 1445).
14
(1 + 1 + -5 + (9 - -8) - 3) + -79
-68
Evaluate -11 + (2 - (128 + (22 - (0 + 13)))).
-146
Evaluate -333 - (-162 - -35) - -123.
-83
-1 - 24 - (-903 - -910) - 22
-54
Calculate 1 - 109 - (47 + -12 + -44 + -2).
-97
What is the value of (13 + (-129 - -114) - (-10 - -1)) + -60 + 1?
-52
Evaluate -18 - (-25 + 79 + -26).
-46
Calculate -15 - (13 + 0 + -44 + (11 - -38)).
-33
What is the value of (-172 - 52) + 203 + (-2 - -2 - -98)?
77
Calculate (7 - -28) + -38 + 5 + -6 + (-13 - -1).
-16
Calculate -140 - (-77 + -74) - (-3 - (99 + -2)).
111
What is the value of (7 - 2) + -13 + 0 - (-119 - -124)?
-13
(11 - (-1 + 1)) + (-427 - -536) + (-33 - 3)
84
Evaluate 4 + 10 + (40 - 10 - -7) - (-13 - -2).
62
What is 146 + -124 + 3 + (54 - (-1 + 0))?
80
What is the value of -5 + (158 - (10 - (-12 - -8))) - 24?
115
Evaluate 101 + 3 + -212 + 20.
-88
What is the value of -19 - (18 + (6 - -3))?
-46
Calculate -1 + 1 + (-68 - -82) + -12 + 13 + -24.
-9
What is the value of -7 + (-20 - -26) + (0 + 2 - 31)?
-30
Evaluate -88 - (0 + -1 + (-362 - -380) + (-13 - -1)).
-93
What is -24 + -4 + 4 - (1536 + -1568)?
8
What is (5 - (103 + -111)) + -39 + -2?
-28
What is -4 - -51 - (-16 + 8 + -16 - -17)?
54
Calculate -26 - -2 - -1 - (28 - (27 + 12)) - -26.
14
Calculate 4823 - 4786 - (-6 + (0 - -2)).
41
Calculate (3 - -16) + ((-4 - 3) + -4 - -9) + -1.
16
Calculate 4 + 2 - (89 - (0 - (13 - 24))).
-72
Calculate 29 - ((12 - 26) + 80).
-37
What 